9, -x + 4*s + 67 = k. What is the units digit of x?
9
Suppose -v + l - 9 = 0, -5*v + 2*l - 51 = -l. Let b(y) = 4*y + 5. Let o(i) = -12*i - 14. Let j(u) = 17*b(u) + 6*o(u). What is the tens digit of j(v)?
4
Let g(y) = 18*y**2 - 7*y - 2. What is the hundreds digit of g(-7)?
9
Suppose 0 = 5*k + 2*m - 2498, 1504 = 3*k - 0*m - 4*m. What is the units digit of k?
0
Suppose -l + 2*n = -137 - 151, 1445 = 5*l - 5*n. Let p = l + -170. What is the tens digit of p?
2
Let m = 45 + 547. What is the tens digit of m?
9
Let w be (-3)/2 + (-9)/(-2). Suppose -70 = -3*y + 5*a, 0 = w*y - a - 3*a - 71. What is the tens digit of y?
2
Suppose 0 = 12*k + 3188 - 11144. What is the units digit of k?
3
Suppose -247 - 21 = -v. What is the hundreds digit of v?
2
Suppose 4*f - 5*j - 4050 - 3968 = 0, -5*j - 6016 = -3*f. What is the tens digit of f?
0
Suppose -5*y - 2*x = 32, 5*y + x + 15 = -21. Let u = y + 36. What is the tens digit of u?
2
Let g = -9 + 672. What is the hundreds digit of g?
6
Let j(h) = 78*h**3 + h**2 - 7*h - 4. Let r(t) = -77*t**3 - t**2 + 6*t + 3. Let w(s) = -4*j(s) - 5*r(s). What is the units digit of w(1)?
3
Suppose 0 = 4*y - x - 8635, 18*x - 4340 = -2*y + 14*x. What is the units digit of y?
0
Let x = -21 - -23. Suppose x*g = 91 + 33. What is the units digit of g?
2
Suppose 5*o = -5*g - 15, 0*o + 3*g + 13 = -o. What is the units digit of 48/o*(-153)/(-68)?
4
What is the units digit of (-39)/(-39)*(-1 - -710)?
9
What is the units digit of (-124560)/40*(-2)/6?
8
Let z(g) = 5*g**2 + g. Let q be z(1). Let p = q + -6. Suppose p = 3*r - r - 22. What is the units digit of r?
1
Suppose -19*m - 3106 = -21*m. What is the units digit of m?
3
Let u(n) = 2*n**2 + 2*n - 5. Let r be u(5). Let z = -52 + r. What is the units digit of z?
3
Suppose 0*i = -2*i + 48. Suppose -2*j + o + i = -j, j = -o + 34. Let p = -16 + j. What is the units digit of p?
3
Let t be (72/(-28))/((-3)/21). Suppose 3*i = 2*d + t, 3*d = 2*d - 3. Let l = i + 4. What is the units digit of l?
8
Let n = -92 - -97. What is the tens digit of (-252)/(1 - n) + 2?
6
Suppose 26*x - 473 = 25*x. What is the tens digit of x?
7
Suppose 4*y + 4*y = -40. Let i be (-1)/(-2) - 39/(-2). Let g = y + i. What is the tens digit of g?
1
Suppose 5*j - v - 930 = 4*v, -3*j + 4*v = -561. Suppose j = 5*k - 2*h, -2*k + 3*h + 106 = 35. What is the units digit of k?
7
Suppose -3*h + 4*n = -68, -58 = -2*h - h - n. What is the tens digit of h/(-4) + 121 + -2?
1
Suppose -3*o - 15 = -15. Suppose 6*r - 60 - 108 = o. What is the units digit of r?
8
Let t(k) = -11*k**3 - 2*k**2 + 2*k - 1. Let s be t(1). What is the units digit of (-772)/s + (-2)/6?
4
Suppose 0 = 3*g - 3 - 9. Suppose g*l - 4 = 5*m - 0*m, m = 0. What is the units digit of l?
1
Let m(p) = 14*p. Suppose 5*i = 2 + 3. What is the units digit of m(i)?
4
Let r = 2 - -3. Suppose 5*a - 66 = -w + 110, 5*w = r*a - 170. Let u = 77 - a. What is the tens digit of u?
4
Suppose 13*q = -5*r + 15*q + 21609, 4*r = -5*q + 17274. What is the units digit of r?
1
Let r = 30 - 59. Let l = -42 - r. Let m(f) = -f - 4. What is the units digit of m(l)?
9
Let k be (1 - 3 - -1*3)*3. What is the tens digit of 6/(3/42*k)?
2
Suppose -9*q + 14*q - 7225 = 0. What is the tens digit of q?
4
Suppose 0 = 5*g + 6*g - 1254. Suppose 4*y = 2*y + g. What is the tens digit of y?
5
Suppose 3*n - z = 9433, 5*n = 2*n + 3*z + 9429. What is the units digit of n?
5
Let n be 1 + -3 - (-7 + -3). What is the tens digit of (-6)/n*(-280)/5?
4
Suppose f = k + 1 + 1, -2*f - 2*k = -16. Suppose -4*z = -f*z + 29. What is the units digit of z*(-2 + 5 + -2)?
9
Suppose 1 = 2*o - 3. Suppose 3*a = -o*a + 20. Suppose -a*z + 42 = -3*m + 5*m, 0 = -2*m - z + 48. What is the tens digit of m?
2
Suppose 3*r - 123 = -j, 3*j - 5*j + 4*r + 256 = 0. What is the tens digit of j?
2
Suppose 2*z - 36 = 3*s, -3*z = 3*s - 6*s - 54. Let i = z - -51. What is the tens digit of i?
6
Let w(u) = 2*u + 22. Let r be w(-16). Let z(o) = -o**2 - 12*o + 22. What is the tens digit of z(r)?
4
Let j = -30 - -30. Suppose j = -4*v + 399 + 57. Suppose 5*c - 284 + v = 0. What is the tens digit of c?
3
Let s = -660 - -1246. Let q = s + -380. What is the hundreds digit of q?
2
Suppose 4*r = -f - 0*f - 24, -4*f = -4*r - 24. Let j(x) = -26*x - 12. Let k be j(r). Let h = k + -103. What is the tens digit of h?
4
Suppose 0 = -3*w + 4*l + 44 - 16, -12 = -2*w + l. Suppose w*x = 129 + 35. What is the units digit of x?
1
Let m(w) = -w**3 - 7*w**2 - w - 7. Let f be m(-7). Suppose -3*n = -2*x - 0*x - 111, f = 3*x. What is the units digit of n?
7
What is the units digit of 6/3 - 108*(-1 + -5)?
0
Suppose -8 = -2*t + 16. Let q(p) = p**3 - 11*p**2 - 11*p - 9. Let b be q(t). Suppose -13 = 4*d + 3, -4*d + 62 = b*l. What is the tens digit of l?
2
Let a = 85 - 11. Let j = a - 35. What is the units digit of j?
9
Let f = 24 - 20. Suppose f*j + z = 427, -3*z + 6*z = 3*j - 339. What is the hundreds digit of j?
1
What is the tens digit of -1*(-18781)/42 + 1/(-6)?
4
Let u = 34 + -36. Suppose 3*v + 19 = -4*x, 3*x + 2*x + 4*v = -25. What is the tens digit of (x/u)/(5/350)?
3
Suppose -8*l + 15 = -9. Let f(g) = 17*g**2 + 8*g - 4. What is the units digit of f(l)?
3
Suppose c + 27 = 3*d, 2*d + 3*c - 1 = -2*c. Suppose -d = -4*k - 0. What is the units digit of (1/k)/((-6)/(-108))?
9
Let b(n) = n**3 - 23*n**2 - 13*n + 43. Let o(a) = 2*a**3 - 23*a**2 - 12*a + 43. Let y(c) = -3*b(c) + 2*o(c). What is the units digit of y(-22)?
1
Suppose o - 451 - 33 = 0. What is the hundreds digit of o?
4
Suppose 0 = -g - 3*g - 4*m + 3372, -3*g = -2*m - 2534. What is the tens digit of g?
4
Suppose -10 = -421*d + 420*d. Let u be 1*(-1)/(-1)*-1. Let i = d - u. What is the units digit of i?
1
Let g be 55/15 + (-8)/(-6). Suppose g*t = -2*m + 289, -3*m = 3*t + 2*m - 162. What is the tens digit of t?
5
Suppose 14 = -4*b + 50. Suppose b*j - 11*j = -144. What is the tens digit of j?
7
What is the units digit of 40*(-201)/(-18)*(-72)/(-60)?
6
Suppose 0 = 3*j + 9, p - 438 = -0*j - 4*j. What is the units digit of p?
0
Suppose -d - 752 = -4*o - 0*d, -3*o + 553 = 2*d. What is the units digit of o?
7
Suppose -2*c + 3*c = -78. Suppose 7*f - 509 = 352. Let q = c + f. What is the tens digit of q?
4
Suppose 370 = 2*d - 5*u, d - 4*u = 2*d - 211. What is the units digit of d?
5
Suppose -4 = 11*w - 48. Suppose w*k + 3 = 47. What is the tens digit of k?
1
Let z(a) = -5*a**2 + 8 + 4*a - a**3 + 5*a - 3*a. Suppose 5*k - 4*o + 32 = -6*o, k + 4*o = -10. What is the units digit of z(k)?
8
Let d = 78 - 76. Suppose -d*m + 81 = -m. What is the tens digit of m?
8
Suppose 5*w + 14 + 11 = 0, -5*n = -2*w + 195. Let y = 20 + n. Let l = 41 + y. What is the tens digit of l?
2
Let x = -20 - -40. Let z = -32 + x. What is the units digit of (-8)/(-3)*(-90)/z?
0
Let v be 1/26*-4 + (-4)/(-26). Let y be 4/14 + 1004/14. Suppose v*z + y = 2*z. What is the tens digit of z?
3
Let j = 344 + -574. What is the units digit of (-1)/(-4) - j/8?
9
What is the hundreds digit of (-7)/(-35)*(7 + -2)*533?
5
Suppose -6*o - 72 = -9*o. Suppose 28*u = o*u + 12. Suppose u*v - 232 + 25 = 0. What is the units digit of v?
9
Suppose 5*x - 5*p - 10815 = 0, 3*x + 5*p + 2167 = 4*x. What is the tens digit of x?
6
What is the units digit of (-364)/78*522/(-7)?
8
Suppose 0 = 3*f + 3*j - 660, -5*f + 4*j = -0*f - 1100. Suppose -216 = -4*y - 3*b, 4*y = b - 5*b + f. What is the units digit of y?
1
Suppose 4*b = -0*b + 120. Suppose 0 = -2*t - 4*j + 8, -39 = 4*t - 5*j - 42. Suppose -5*s = 0, 2*p - 2*s = t*s + b. What is the units digit of p?
5
Let t(l) be the third derivative of l**4/12 + 2*l**3/3 - 30*l**2. Let h be 12*(-1 - (-3)/2). What is the units digit of t(h)?
6
What is the hundreds digit of 2*1/(-4)*-4834?
4
Let h = 1508 - 416. What is the tens digit of h?
9
Let k(u) = 2*u**2 - 34*u - 7. What is the units digit of k(-12)?
9
Let h(k) = 116*k + 45. What is the tens digit of h(5)?
2
Let o(y) = 10*y**2 - 3*y - 5. What is the hundreds digit of o(-6)?
3
Suppose -5*f - 5*w = -980, 0 = -f - 3*w + 125 + 75. What is the tens digit of f?
9
Let n(a) = -3*a - 16. Let c = -21 - -13. Let g be n(c). Suppose -3*s + g*s - 60 = 0. What is the units digit of s?
2
Let j be 4/14 + ((-10)/(-14) - -7). What is the tens digit of (20/j)/(2/80)?
0
Let m(r) = 337*r**3 - 12*r**2 + 13*r. What is the units digit of m(1)?
